i - 4*i = 9. Suppose 0 = -i*m - 0*m + 42. Calculate the remainder when m is divided by (6 + -4)/((-5)/(-20)).
6
Suppose 7 = 3*s - 26. What is the remainder when s is divided by 6?
5
Suppose 3*f = 5*t + 43, -17*t + 45 = 3*f - 20*t. Let n = 47 + -17. Suppose 3*v - n = 2*v. Calculate the remainder when v is divided by f.
14
Let r(k) = 2*k**3 - 5*k**2 - 2*k - 5. Let o be r(3). Let t(x) = x**3 - 4*x**2 + 3*x - 1. Let v be t(3). What is the remainder when 29 is divided by (4*v)/o*4?
5
Let m be -1 - (1*-3 - -2). Suppose -y - 2*l + 14 = 0, m = y + 5*l - 12 - 8. Suppose -3*k = -4*k + 38. Calculate the remainder when k is divided by y.
8
Let d = 1 - -7. Calculate the remainder when d is divided by (-3)/4*-2*2.
2
Let d = -36 - -16. Suppose -3*r + 49 + 59 = 0. Let a = r + d. Calculate the remainder when a is divided by 9.
7
Suppose -5*d - s = -30, 3*d + 5*s - 35 = d. Suppose 0 = -4*z - 24 - 0. Let o = 8 + z. What is the remainder when d is divided by o?
1
Let y(d) = 2*d + 2. Let o be y(-2). Let r be o/5 + (-204)/(-10). Let m = r + -12. Calculate the remainder when m is divided by 3.
2
What is the remainder when 774/10 - (-6)/(-15) is divided by 40?
37
Suppose 0 = 5*n + 2*z - 76 - 114, -2*z = -5*n + 190. What is the remainder when n is divided by 20?
18
Let c be 136/(-22) - (-2)/11. Suppose 5*j + 2 = 3*a, 2*j = -3*a - a + 20. Calculate the remainder when c/9 - 51/(-9) is divided by j.
1
Suppose 210 = -2*o + 9*o. What is the remainder when o is divided by 16?
14
Let a(g) = -7*g - 3. Let b be a(-4). Let u = b + -18. What is the remainder when 13 is divided by u?
6
Let n = -6 + 9. Suppose -n - 15 = -2*v. What is the remainder when v is divided by 2?
1
Let y be (-160)/(-50)*(-15)/(-2). Suppose -3*b + y = -81. What is the remainder when b is divided by 18?
17
Suppose 2*i + 5*v = -41 - 0, 2*v + 74 = -4*i. What is the remainder when 5/((-2)/i*1) is divided by 12?
9
Let u be -2*-2*2 - 1. Suppose -u = -4*g + 9. Let j(c) = 12*c + 5. What is the remainder when j(g) is divided by 14?
11
Let r(g) = -g**2 + 4*g + 8. Let y be r(6). What is the remainder when 43 is divided by (-11*4)/y*1?
10
Let u(o) = 2*o**2 + 15*o - 1. What is the remainder when u(-12) is divided by 36?
35
Suppose -8 = -2*k + 2, 3*k - 9 = 3*g. Suppose -3*n - 5*y - 9 = 0, -n = -5*y + y - 14. Calculate the remainder when n is divided by g.
0
Let o = 6 - 23. Let r = o - -18. Calculate the remainder when 1 is divided by r.
0
Let z = 149 + -63. Suppose 3*j + z = 4*w, 3*w - 3*j - 82 + 16 = 0. Calculate the remainder when w is divided by 7.
6
Let y(k) be the first derivative of -7/2*k**2 + 1 + 2*k - 1/3*k**3. What is the remainder when 23 is divided by y(-5)?
11
Suppose -4*q + 24 = -l, -4*l = 3*q - 7*q + 36. Let k = q + -1. Suppose 4*m = 5*p + 2*m - 113, p - 37 = k*m. What is the remainder when p is divided by 12?
9
Suppose -2*w = -5*z - 5, -z = -4*z - 3. Suppose w = 2*l - 4*l + 24. What is the remainder when 1*-70*3/(-6) is divided by l?
11
Suppose 2*g + 23 = g - 5*q, 4*g = 4*q - 140. Let l(h) = -2*h - 3. Calculate the remainder when l(-11) is divided by 216/22 - 6/g.
9
Let c = -15 + 25. Suppose 52 = 3*d - 32. What is the remainder when d is divided by c?
8
Let m(g) = g**2 + 5*g + 5. Suppose 4*a + 12 + 12 = 0. What is the remainder when 42 is divided by m(a)?
9
Let l(d) = -d**3 - 7*d**2 - 2*d + 8. Calculate the remainder when 84 is divided by l(-7).
18
Suppose 7 = -p + 26. Calculate the remainder when 34 is divided by p.
15
Let z(h) = -h**3 - 8*h**2 - h - 7. Let g(i) = -7*i**2 - i. Let t be g(1). What is the remainder when 1 is divided by z(t)?
0
Suppose 5*x - 3*x = -124. Let a = -44 - x. Let d = -56 - -109. What is the remainder when d is divided by a?
17
Let w = -47 + 106. Let v = w + 12. What is the remainder when v is divided by 24?
23
Let x = 138 + -57. Calculate the remainder when x is divided by 14.
11
Suppose 2*t - 4*b - 48 = -0*b, -20 = -t - 2*b. Calculate the remainder when t is divided by 6.
4
Let w = -127 - -6. Let f = 10 - w. Calculate the remainder when f is divided by 33.
32
Suppose -16*w + 4*w + 300 = 0. Calculate the remainder when 91 is divided by w.
16
Let g = 1 + -1. Suppose g = 5*q, 3*n - 2*q - 54 = -0*n. Calculate the remainder when 53 is divided by n.
17
Let m = -1 + 20. What is the remainder when 93 is divided by m?
17
Let p = -30 - -33. Calculate the remainder when (3/(-5))/(5/(-75)) is divided by p.
0
Let u = 1 + 1. Let q(r) = 6*r**3 + 3*r - 3. Let c be q(3). Suppose 6*n - u*n = c. Calculate the remainder when n is divided by 22.
20
Let s(w) = w**2 - 18. Calculate the remainder when s(8) is divided by 16.
14
Let w(k) = k**2 + 3*k + 3. Let m be w(-7). Suppose -4*v + m = -29. What is the remainder when 43 is divided by v?
13
Let r be (-3 - -2)/(2/(-4)). Suppose 3*m + r = 38. What is the remainder when 21 is divided by m?
9
Suppose 3*a + r = 53, 2*a - 2*r = 2*r + 12. Suppose -n = 4*k - 5, -n - 3*k = -0*k - 6. Calculate the remainder when a is divided by n.
7
Let m be ((-2)/2)/1 + -2. Let i(d) = d - 1 - 6*d + 0 - d**2 + 0*d. What is the remainder when i(m) is divided by 2?
1
Suppose -27*q + 26*q + 87 = 0. What is the remainder when q is divided by 15?
12
Let i(d) = 2*d - 3. Let x be i(3). Suppose 7 = -x*y + 49. What is the remainder when 54 is divided by y?
12
Let t(a) = -5 + 3 - 7 - 2 - 2*a. Let g = -12 + 3. Calculate the remainder when 13 is divided by t(g).
6
Calculate the remainder when 16 is divided by (6/(-12))/(3/(-18)).
1
Let f(m) = m**3 + m**2 + m + 4. Let c(w) = -w**2 + 12*w + 4. What is the remainder when c(11) is divided by f(0)?
3
Suppose 2*n = -2*h + 4*n + 460, -920 = -4*h - 4*n. Suppose h = -3*s + 8*s. Calculate the remainder when s is divided by 12.
10
Let q(c) = 2 - 4 - 1 - 1 + 10*c. What is the remainder when q(5) is divided by 12?
10
Let o = 42 - 29. What is the remainder when o is divided by 7?
6
Let r(d) = -2*d**2 + d - 4. Let n be r(-3). Let o = n + 91. Calculate the remainder when o is divided by 17.
15
Let t = -8 + 18. What is the remainder when 28 is divided by t?
8
Suppose -a = 2*a - 42. Suppose -2*h + a + 2 = -f, 14 = 3*h - 4*f. Let n = -6 + 10. Calculate the remainder when h is divided by n.
2
Let l(k) = k**3 + 8*k**2 - 9*k - 18. What is the remainder when 322 is divided by l(-8)?
52
Let g(o) = -o**2 - 11*o - 7. Suppose 0*k + 18 = -3*k. What is the remainder when 90 is divided by g(k)?
21
Let m(u) = u**2 - 16*u + 10. Let s = 13 + 3. Calculate the remainder when 39 is divided by m(s).
9
Let h(w) = -2*w + 1. Let x be h(-2). Suppose 0*k + x*k = 65. What is the remainder when 23 is divided by k?
10
What is the remainder when (-46 + 4)/((-3)/2) is divided by 10?
8
Suppose 2*a - 2*m = 8, -3*a - 3*m - 10 = -4*a. Suppose 0 = 2*v + u + 12 - a, -3 = 3*u. Let z = v + 12. Calculate the remainder when 13 is divided by z.
6
Suppose -21 - 7 = 2*j. Let a = j - -39. Calculate the remainder when a is divided by 13.
12
What is the remainder when 145 is divided by (-561)/(-15) + 2/(-5)?
34
Suppose -3*z = -0 - 18. Calculate the remainder when (-4 + z)/((-2)/(-27)) is divided by 10.
7
Let f = -8 - -27. Let g(c) = -c**2 - 8*c - 5. What is the remainder when f is divided by g(-5)?
9
Suppose -4*d = -4*u - 48, 2*u = -3*d + 19 + 12. Let q = -65 - -95. What is the remainder when q is divided by d?
8
Let i = -2 + 2. What is the remainder when 18 is divided by 0 + 1 + 4 + i?
3
Suppose 0 = -4*m + 3*r - 8 + 29, -5*m + r = -40. Calculate the remainder when 15 is divided by m.
6
Let h be (2 + -2)*(2 - 1). Suppose q + h*q = 171. Suppose -j + 3*o + 49 = -0*j, -o = -3*j + q. What is the remainder when j is divided by 15?
13
Let m(w) = w**2 + 10*w - 8. Let c be m(-10). Let v = 5 - -4. Let r = c + v. Calculate the remainder when 1 is divided by r.
0
Suppose 5*l = f - 82, 5*f = 5*l + 166 + 144. Calculate the remainder when 168 is divided by f.
54
Suppose -27 = -5*g + 4*g + u, -3*g + 57 = 3*u. Suppose 0 = 2*x - 4*x + 24. Calculate the remainder when g is divided by x.
11
Let k(u) = -u + 3. Let m be k(0). Suppose 2*v - 46 = -4*j, m = -j - 0. Let a = -7 + 22. What is the remainder when v is divided by a?
14
Suppose 0 = 3*i - 2*i - 5. Let o = -2 + i. Calculate the remainder when 5 is divided by o.
2
Suppose -4*z - 2*t - 37 = -5*z, 5*z - 125 = -2*t. Calculate the remainder when 102 is divided by z.
